at is the units digit of (-6)/x + (-62)/(-5)?
3
Suppose 0 = 112*x - 120*x + 5840. What is the hundreds digit of x?
7
Suppose t - 8 = 6. Suppose 13*m + 166 = t*m. What is the tens digit of m?
6
Let w(z) = -5*z + 9 + 3*z + 4*z - 17*z. What is the units digit of w(-3)?
4
Suppose 31 - 11 = 5*a. Suppose 0 = 9*q - 4*q + a*t - 120, 0 = 3*q + 4*t - 80. What is the tens digit of q?
2
Let w(r) = -3*r - 4. Let l be w(-3). Suppose -k + l*p = 2*k + 93, -5*k - 177 = -p. Let x = k - -62. What is the tens digit of x?
2
Suppose 6*x = 3*x + 12. Suppose g - 4*g = -d + 21, x*d + 4*g - 4 = 0. Let h(n) = n**2 - 2*n - 2. What is the units digit of h(d)?
2
Let m be 2*(-2 + 102/(-4)). Let q = -33 - m. Let g = 51 - q. What is the tens digit of g?
2
Let s be (-56)/(-70)*3/(12/370). Let d = s - -43. What is the hundreds digit of d?
1
Suppose 0 = -3*d - 12, -3253 = -5*w + 2*d. What is the units digit of w?
9
Let h be (-40)/(-15)*324/16. Let q = h + -37. What is the units digit of q?
7
Suppose 22*q - 28*q = -1116. What is the units digit of q?
6
Let p(i) = -i + 10. Let a be p(10). Suppose q - 53 - 112 = a. Suppose 3*n - q = -2*n. What is the units digit of n?
3
Suppose 8*w + 11*w = 12996. What is the tens digit of w?
8
Let c(q) = -q**3 + 6*q**2 - 5*q - 6. Let g be c(5). Let s = 1 - g. Suppose 0 = -3*w + s*w - 108. What is the units digit of w?
7
What is the tens digit of (-70115)/(-75) + 3/((-270)/(-12))?
3
Suppose -4539 = -12*t + 11217. What is the hundreds digit of t?
3
Let l = 26 - 23. Suppose -57 = -6*w + l. What is the units digit of w?
0
Let y(h) = h**3 - 4*h**2 - 10*h - 8. Let q be y(6). Suppose -5*i + 33 = p, -3*i - 22 = -5*i + q*p. What is the units digit of i?
7
Let d(t) = 153*t**3 - 7*t**2 + 13*t - 1. What is the thousands digit of d(2)?
1
Let o(t) = 0*t**3 - t**3 - t - 6*t**3 - 2*t**2 + t**3. Let n be o(-1). Suppose 121 = n*b - 64. What is the units digit of b?
7
Suppose -5*j + 1996 = -5*b + 496, 0 = 4*j + 3*b - 1228. What is the hundreds digit of j?
3
Let p(d) = 4*d + 43. Let m be (7 - 7 - (2 - 2))/(-1). What is the units digit of p(m)?
3
Suppose -g = -3*g - 3*y + 194, -4*g - 4*y = -396. Suppose 2*o - 43 = g. What is the tens digit of o?
7
Suppose 14*n - 204 = 2372. What is the hundreds digit of n?
1
Let p(m) = -5*m**3 + 3*m**2 - 5*m - 1. What is the hundreds digit of p(-5)?
7
Suppose 396 = 3*p - b, -2*b + 396 = 3*p + b. Suppose t - p = -3*t. What is the tens digit of t?
3
Let h = -3494 + 4928. What is the hundreds digit of h?
4
Suppose -17 - 67 = 3*x. Let k = -25 - x. Suppose 5*n - 233 = -5*t + 47, 5*n + k*t - 278 = 0. What is the units digit of n?
5
Suppose -4*r - 22 = -2. Let p = r + 68. Let v = p + -30. What is the units digit of v?
3
What is the units digit of (-245599)/(-459) - (-9)/((-1215)/10)?
5
Let k be 3 + 59 + 4 + -2 + 0. Suppose -3*v + k = -v. What is the units digit of v?
2
What is the units digit of 3/(-6)*((-50640)/2)/4?
5
What is the hundreds digit of 8466/22 - 2/(-11)?
3
Let a be (444/18)/(4/6). Let j = a - 26. What is the tens digit of j?
1
Let u(f) = f + 1. Let t(v) = 6*v - 14. Let i(d) = -t(d) + 4*u(d). Let w be i(12). Let c = w - -9. What is the units digit of c?
3
Let d be (1 + -15)*(-32)/(-64). Let k(z) = -15*z - 2. Let f be k(6). What is the tens digit of 0 - 4 - (f - d)?
8
Let c(s) = -66*s + 4. What is the units digit of c(-9)?
8
Let t = -17 - -10. Let n = -8 + t. What is the units digit of (n/(-2))/(2/4)?
5
Suppose -2*s = -2*w + 1048, 4*w - 2103 = -0*w - 3*s. Suppose w = 2*u - 3*f, f + 318 = 3*u - 466. What is the tens digit of u?
6
Suppose 4*i - 793 + 57 = 0. What is the hundreds digit of i?
1
Suppose 4*s + 24 = 4*u, -3*u + 6 = -s - 6. Let f = 85 - 127. What is the units digit of u*f/(-27)*3?
4
Let w be 2 - 3 - 124 - -5. Let o = w - -224. What is the hundreds digit of o?
1
Let m(a) = 2*a - 9. Let c be m(6). Let j = c + 29. Let s = j - 23. What is the units digit of s?
9
Suppose -q - 6 = 1. Let c be -56*((-12)/q)/(-1). Suppose 55 = 5*b - k - c, 0 = 3*b + 4*k - 109. What is the units digit of b?
1
Let k(s) = -2*s + 20. What is the tens digit of k(-17)?
5
Suppose 47150 = 1838*d - 1815*d. What is the units digit of d?
0
Suppose -6*r - 20*r + 63440 = 0. What is the thousands digit of r?
2
Let i be (3/12)/((-2)/(-40)). Suppose 3*o = -i*l + 106, -3*o - 4*l + 0*l + 101 = 0. What is the units digit of o?
7
Let h = -53 - -40. What is the units digit of h*(0 + (-4 - 0))?
2
Suppose 0 = -3*q - 9, -12 = 5*w - 8*w + q. What is the units digit of w?
3
Suppose 2*m = 55 + 161. Let d = m - -89. What is the units digit of d?
7
Let d(c) = c**2 + 12*c + 22. Let g be d(-10). Suppose -5*f - 15 = -2*f, -g*u - 3*f = -31. What is the units digit of u?
3
Suppose -m + 1383 = 2*z, -2*m = -4*z - 420 - 2362. What is the tens digit of m?
8
Let m = 45 - 92. Let a = m + 228. What is the units digit of a?
1
Let c(a) = -91*a + 134. What is the hundreds digit of c(-16)?
5
Suppose -p + 0*o = 3*o - 852, 4*p - o = 3369. What is the hundreds digit of p?
8
Suppose m - 33 = -12. Let h(z) = 4*z - 28. Let t be h(9). Let u = m - t. What is the units digit of u?
3
Let p(r) = -2*r + 3. Let h be p(0). Suppose -3*m + 4 + h = -4*q, -4*m - 2*q + 2 = 0. What is the tens digit of 0 - (-23 + 2 + m)?
2
Let f = -465 - -302. Let d = -110 - f. What is the tens digit of d?
5
Let l(d) = d**2 + 10*d - 14. Let r be l(9). Suppose -2*m - 53 = -r. What is the units digit of m?
2
Let y(r) = r**3 - 10*r**2 - 12*r + 15. Let q be y(12). Suppose 567 = 6*w + q. What is the units digit of w?
8
Let w = -218 + 222. Suppose 5*y - 124 = -3*n + 143, -5*y + 271 = -n. Suppose -w*r + 38 = -y. What is the tens digit of r?
2
Let x = 601 - 249. What is the tens digit of x?
5
Suppose -4*t = -452 - 300. Suppose 6*b - 4*b = t. What is the units digit of b?
4
Let g be (-4)/(-14) - (-94)/14. Suppose -5*d + 4*o + 8 - 2 = 0, 5*o - g = -d. Suppose 5*z = -2*v - 0*z + 1, -2*z = d. What is the units digit of v?
3
Let s(d) = 18*d - 2*d - 1907*d**2 - 7 + 1906*d**2. What is the tens digit of s(8)?
5
What is the hundreds digit of (-762)/(5/15 + (-11)/6)?
5
Let c(r) be the third derivative of -r**6/120 + 11*r**5/60 + r**4/6 - 11*r**3/6 + 21*r**2. What is the units digit of c(11)?
3
Suppose 2*z - 22 = 2*b, -32 = -3*z - 5*b + 9*b. Let o be (-50)/(-8) - 3/z. Suppose 30 = -t + o*t. What is the units digit of t?
6
Suppose -16*v + 27445 = -29099. What is the units digit of v?
4
Let y(c) = c**3 + 5*c**2 + 5*c + 5. Let s be y(-2). Suppose s*q - 344 = -q. What is the tens digit of q?
4
Suppose -121*l - 680 = -122*l. What is the units digit of l?
0
Let s(p) = 2*p**2 - 2*p - 8. Let g be s(-2). Suppose 108 = 4*u - 4*x - 156, 2*u = g*x + 138. What is the units digit of u?
3
Let y = -17 + 20. Suppose -y*n = -2*m + 18, 0 = 4*m + n - 8. What is the units digit of m?
3
Suppose 3*y - 12*b = -14*b + 1961, b = -y + 654. What is the tens digit of y?
5
Let d be (-2)/(-3)*(-2 - -8). Let b = 155 - -190. Suppose d*z + 133 - b = 0. What is the tens digit of z?
5
Suppose 0 = 2*a + a - 30. Suppose 21*g = 19*g + a. What is the units digit of g?
5
Let y(z) = 2*z - 16. Let h be y(14). Let q be (-2)/(-6) + (-11)/(-3). Suppose q*t = 6*t - h. What is the units digit of t?
6
Let p(l) be the second derivative of -l**5/20 - 11*l**4/12 + l**3 - 17*l**2/2 + 16*l. What is the tens digit of p(-12)?
5
Suppose 5*k + 7 - 17 = 0. Suppose -56 + 9 = -3*r + 5*z, 4*z - 2 = -k*r. Suppose l - 31 = -r. What is the tens digit of l?
2
Suppose 4*d - 3369 = -5*q, 5*q - 3*d - d = 3361. What is the tens digit of q?
7
Suppose -53 = y + 4*f, 3*f = 8*f + 25. Let k(h) = -53*h**3 + h**2 - 1. Let u be k(-1). Let q = u + y. What is the tens digit of q?
2
Let j(a) = -a**2 + 17*a - 15. Suppose -3 = 5*g + 217. Let y = -28 - g. What is the units digit of j(y)?
1
Let z = 1283 - -862. What is the hundreds digit of z?
1
Suppose 33660 = 197*w - 179*w. What is the thousands digit of w?
1
Suppose -3*k - 5*s + 162 = 0, 4*k - s = -3*s + 202. Suppose -k = 6*m - 301. What is the tens digit of m?
4
Let n = -38 - -38. Suppose 16*x - 11*x - 195 = n. What is the units digit of x?
9
Let u = -3630 - -6241. What is the tens digit of u?
1
Let s = -2315 + 2583. What is the tens digit of s?
6
Let s(w) = -3*w**3 - 7*w**2 - 2*w + 19. Let a(q) = -5*q**3 - 13*q**2 - 4*q + 38. Let k(p) = 4*a(p) - 7*s(p). What is the te